{"id":5164,"date":"2025-10-29T16:58:32","date_gmt":"2025-10-29T15:58:32","guid":{"rendered":"https:\/\/gruposubligrafik.com\/?post_type=product&#038;p=5164"},"modified":"2026-03-30T23:38:50","modified_gmt":"2026-03-30T21:38:50","slug":"tazas-magicas","status":"publish","type":"product","link":"https:\/\/gruposubligrafik.com\/?product=tazas-magicas","title":{"rendered":"Tazas Magicas"},"content":{"rendered":"<p>Las Tazas M\u00e1gicas sorprenden con un efecto \u00fanico que revela tu dise\u00f1o al contacto con el calor. A temperatura ambiente, la taza muestra un elegante acabado oscuro; al llenarse con una bebida caliente, el color se desvanece para dejar ver la imagen o logo sublimado. Fabricadas con materiales de alta calidad, ofrecen impresiones n\u00edtidas, duraderas y resistentes al uso diario. Son perfectas para regalos personalizados, promociones o detalles \u00fanicos que cautivan a primera vista.<\/p>\n","protected":false},"excerpt":{"rendered":"<p>Las tazas m\u00e1gicas revelan tu dise\u00f1o al contacto con el calor, ofreciendo un efecto sorprendente y personalizado, perfectas para regalos o promociones \u00fanicas.<\/p>\n","protected":false},"featured_media":5148,"comment_status":"open","ping_status":"closed","template":"","meta":[],"product_brand":[160],"product_cat":[119,121],"product_tag":[442,444,443,447,445,446,159],"class_list":{"0":"post-5164","1":"product","2":"type-product","3":"status-publish","4":"has-post-thumbnail","6":"product_brand-subligrafik","7":"product_cat-sublimacion","8":"product_cat-tazas-magicas","9":"product_tag-taza-magica","10":"product_tag-taza-magica-guatemala","11":"product_tag-taza-magica-personalizada","12":"product_tag-taza-personalizada","13":"product_tag-taza-que-cambia-de-color","14":"product_tag-taza-sublimada","15":"product_tag-tazas-magicas","17":"first","18":"instock","19":"taxable","20":"shipping-taxable","21":"purchasable","22":"product-type-simple"},"_links":{"self":[{"href":"https:\/\/gruposubligrafik.com\/index.php?rest_route=\/wp\/v2\/product\/5164","targetHints":{"allow":["GET"]}}],"collection":[{"href":"https:\/\/gruposubligrafik.com\/index.php?rest_route=\/wp\/v2\/product"}],"about":[{"href":"https:\/\/gruposubligrafik.com\/index.php?rest_route=\/wp\/v2\/types\/product"}],"replies":[{"embeddable":true,"href":"https:\/\/gruposubligrafik.com\/index.php?rest_route=%2Fwp%2Fv2%2Fcomments&post=5164"}],"version-history":[{"count":5,"href":"https:\/\/gruposubligrafik.com\/index.php?rest_route=\/wp\/v2\/product\/5164\/revisions"}],"predecessor-version":[{"id":5647,"href":"https:\/\/gruposubligrafik.com\/index.php?rest_route=\/wp\/v2\/product\/5164\/revisions\/5647"}],"wp:featuredmedia":[{"embeddable":true,"href":"https:\/\/gruposubligrafik.com\/index.php?rest_route=\/wp\/v2\/media\/5148"}],"wp:attachment":[{"href":"https:\/\/gruposubligrafik.com\/index.php?rest_route=%2Fwp%2Fv2%2Fmedia&parent=5164"}],"wp:term":[{"taxonomy":"product_brand","embeddable":true,"href":"https:\/\/gruposubligrafik.com\/index.php?rest_route=%2Fwp%2Fv2%2Fproduct_brand&post=5164"},{"taxonomy":"product_cat","embeddable":true,"href":"https:\/\/gruposubligrafik.com\/index.php?rest_route=%2Fwp%2Fv2%2Fproduct_cat&post=5164"},{"taxonomy":"product_tag","embeddable":true,"href":"https:\/\/gruposubligrafik.com\/index.php?rest_route=%2Fwp%2Fv2%2Fproduct_tag&post=5164"}],"curies":[{"name":"wp","href":"https:\/\/api.w.org\/{rel}","templated":true}]}}